2943
List the prime factors of 48601725.
3, 5, 17, 38119
List the prime factors of 114898770.
2, 3, 5, 7, 60793
What are the prime factors of 70278218?
2, 35139109
List the prime factors of 14767118.
2, 17, 47, 9241
What are the prime factors of 2564522736?
2, 3, 4721, 11317
List the prime factors of 112853866.
2, 56426933
List the prime factors of 2106382500.
2, 3, 5, 179, 523
List the prime factors of 2782901920.
2, 5, 1451, 11987
What are the prime factors of 1044482885?
5, 208896577
What are the prime factors of 73556116?
2, 23, 799523
What are the prime factors of 3783335219?
1783, 2121893
What are the prime factors of 1531588792?
2, 43, 4452293
List the prime factors of 1685189518.
2, 163, 1777, 2909
What are the prime factors of 15923113?
181, 87973
What are the prime factors of 3765138711?
3, 83, 97, 155887
What are the prime factors of 151548928?
2, 147997
What are the prime factors of 378015406?
2, 29, 6517507
List the prime factors of 382258051.
7, 54608293
What are the prime factors of 444023485?
5, 317, 457, 613
List the prime factors of 119190171.
3, 39730057
List the prime factors of 21245457.
3, 47, 89, 1693
What are the prime factors of 23201088?
2, 3, 149, 811
What are the prime factors of 38361618?
2, 3, 101, 21101
List the prime factors of 632427896.
2, 6089, 12983
List the prime factors of 954551013.
3, 13, 19, 1288193
List the prime factors of 42538627.
42538627
What are the prime factors of 191381571?
3, 877, 24247
What are the prime factors of 113350498?
2, 56675249
What are the prime factors of 18120638?
2, 9060319
List the prime factors of 66856111.
7, 113, 84521
What are the prime factors of 969654659?
969654659
What are the prime factors of 64846517?
17, 3814501
List the prime factors of 5271695408.
2, 7, 47068709
List the prime factors of 19803605.
5, 19, 208459
What are the prime factors of 179866197?
3, 7, 173, 5501
List the prime factors of 4994393530.
2, 5, 7, 71348479
List the prime factors of 451343428.
2, 229, 373, 1321
List the prime factors of 14851166.
2, 11, 17, 39709
What are the prime factors of 695932165?
5, 1187, 117259
List the prime factors of 556220427.
3, 7, 149, 177763
What are the prime factors of 272665842?
2, 3, 5153, 8819
What are the prime factors of 46997833?
5351, 8783
What are the prime factors of 128238192?
2, 3, 890543
List the prime factors of 413436759.
3, 2269, 60737
What are the prime factors of 101466463?
7, 14495209
What are the prime factors of 179701822?
2, 37, 2428403
What are the prime factors of 1309903512?
2, 3, 31, 937, 1879
List the prime factors of 46362729.
3, 7, 43, 51343
List the prime factors of 4457117722.
2, 137, 16266853
List the prime factors of 74146671.
3, 915391
What are the prime factors of 86244715?
5, 17248943
List the prime factors of 47551549.
37, 107, 12011
What are the prime factors of 83964117?
3, 109, 256771
List the prime factors of 250199143.
37, 6762139
List the prime factors of 31298872.
2, 11, 355669
List the prime factors of 2570853.
3, 47, 18233
What are the prime factors of 4155339542?
2, 2077669771
What are the prime factors of 475248462?
2, 3, 13, 29, 210101
What are the prime factors of 10855984?
2, 678499
List the prime factors of 78894058.
2, 1607, 24547
List the prime factors of 334156230.
2, 3, 5, 19, 195413
List the prime factors of 2842380105.
3, 5, 79, 2398633
What are the prime factors of 723202515?
3, 5, 7, 327983
List the prime factors of 1653283269.
3, 11, 17, 982343
List the prime factors of 446858155.
5, 89371631
List the prime factors of 28657537.
73, 392569
What are the prime factors of 1690085578?
2, 845042789
What are the prime factors of 592359778?
2, 137, 2161897
List the prime factors of 1273216242.
2, 3, 212202707
List the prime factors of 161881348.
2, 47, 149, 5779
What are the prime factors of 133581880?
2, 5, 89, 157, 239
List the prime factors of 2002254459.
3, 667418153
What are the prime factors of 948054972?
2, 3, 41, 1103, 1747
List the prime factors of 95568224.
2, 29, 102983
What are the prime factors of 5609071926?
2, 3, 1889, 164963
What are the prime factors of 58044008?
2, 11, 659591
What are the prime factors of 1529338964?
2, 382334741
What are the prime factors of 2003609470?
2, 5, 19, 10545313
List the prime factors of 160902701.
29, 5548369
What are the prime factors of 69761745?
3, 5, 167, 9283
What are the prime factors of 1004561279?
167, 6015337
List the prime factors of 161248680.
2, 3, 5, 307, 1459
What are the prime factors of 29071831?
31, 937801
List the prime factors of 991940847.
3, 19, 17402471
What are the prime factors of 75283113?
3, 809, 31019
List the prime factors of 239196770.
2, 5, 23919677
What are the prime factors of 14858415?
3, 5, 11, 13, 2309
What are the prime factors of 589749937?
7, 47, 256079
What are the prime factors of 598276183?
598276183
List the prime factors of 288596960.
2, 5, 1213, 1487
List the prime factors of 38234197.
38234197
List the prime factors of 874055125.
5, 569, 12289
List the prime factors of 223210283.
5297, 42139
What are the prime factors of 77876504?
2, 53, 61, 3011
List the prime factors of 6864561790.
2, 5, 686456179
List the prime factors of 1375078398.
2, 3, 229179733
What are the prime factors of 1139582162?
2, 569791081
What are the prime factors of 19249360?
2, 5, 13, 83, 223
List the prime factors of 2911074345.
3, 5, 37, 1279, 1367
List the prime factors of 261067085.
5, 2309, 22613
What are the prime factors of 765316220?
2, 5, 31, 829, 1489
List the prime factors of 212046051.
3, 7, 2467, 4093
List the prime factors of 3081847311.
3, 149, 409, 1873
What are the prime factors of 41969507?
37, 1134311
What are the prime factors of 100331502?
2, 3, 16721917
What are the prime factors of 53313171?
3, 17771057
What are the prime factors of 209092669?
433, 643, 751
List the prime factors of 954581299.
7, 19, 577, 1777
List the prime factors of 41020728.
2, 3, 7, 17, 53, 271
What are the prime factors of 140309693?
140309693
What are the prime factors of 235344772?
2, 13, 4525861
What are the prime factors of 882951619?
11, 1283, 62563
List the prime factors of 62797495.
5, 79, 158981
What are the prime factors of 605355471?
3, 7, 3202939
List the prime factors of 2652661562.
2, 28859, 45959
What are the prime factors of 352672680?
2, 3, 5, 19, 154681
What are the prime factors of 2738134963?
29, 94418447
What are the prime factors of 255545271?
3, 4079, 6961
List the prime factors of 23990577.
3, 13, 107, 5749
What are the prime factors of 1001641320?
2, 3, 5, 2782337
What are the prime factors of 5542771511?
17, 31, 67, 156979
List the prime factors of 540901854.
2, 3, 67, 149503
List the prime factors of 3913483881.
3, 89, 14657243
What are the prime factors of 229087219?
229087219
List the prime factors of 46750242.
2, 3, 7, 11, 47, 2153
List the prime factors of 344381680.
2, 5, 179, 24049
What are the prime factors of 85679395?
5, 4079, 4201
List the prime factors of 4397873974.
2, 13, 169148999
List the prime factors of 56736911.
7, 11, 736843
List the prime factors of 3965124470.
2, 5, 29, 13672843
What are the prime factors of 74687250?
2, 3, 5, 11, 823
What are the prime factors of 7285953549?
3, 7, 346950169
List the prime factors of 136250096.
2, 8515631
What are the prime factors of 1462552400?
2, 5, 181, 20201
What are the prime factors of 2218166811?
3, 7, 35208997
List the prime factors of 1066868104.
2, 133358513
What are the prime factors of 158399482?
2, 23, 41, 83987
List the prime factors of 513934357.
513934357
List the prime factors of 5521591087.
1669, 3308323
List the prime factors of 796906157.
83, 9601279
What are the prime factors of 1918642980?
2, 3, 5, 23, 79, 17599
List the prime factors of 851610097.
13, 5039113
What are the prime factors of 3745711474?
2, 26261, 71317
What are the prime factors of 103000399?
17, 6058847
List the prime factors of 261691738.
2, 7, 11, 1699297
List the prime factors of 233228388.
2, 3, 43, 127, 3559
List the prime factors of 239146793.
181, 863, 1531
What are the prime factors of 355641175?
5, 41, 43, 8069
What are the prime factors of 418177429?
418177429
List the prime factors of 5076710409.
3, 257, 6584579
What are the prime factors of 153855049?
17, 9050297
What are th